t are the prime factors of r?
7, 11
Let h = 1435 + -256. List the prime factors of h.
3, 131
Let w be (-1)/((-220)/(-73) + -3). Let r = w - -121. List the prime factors of r.
2, 3
Suppose 0 = -5*c - 5*y + 35, -4*y + 10 = -5*c - 0. Let s(l) = -238*l + 238*l + l**c - 10*l**3. What are the prime factors of s(-1)?
11
Let a = 225 + -193. List the prime factors of a.
2
Suppose 2*m + 5*b - 3369 = 2526, 5*m = -2*b + 14790. What are the prime factors of m?
2, 5, 37
Let b be (123/(-4))/(2/(-8)). Let w be (-24)/36 - 11/(-3). Suppose -w*z + b = 9. List the prime factors of z.
2, 19
Suppose 3*u = 4*z + 270 + 2465, -10 = 2*z. List the prime factors of u.
5, 181
Let q be 8/2 - 0 - -74. Let o = -29 + q. List the prime factors of o.
7
Let b(j) = 26*j**3 + 3*j**2 - 3*j + 1. Suppose 4*f - 3*f = 1. What are the prime factors of b(f)?
3
List the prime factors of (-2)/6 + (1 - (-8336)/24).
2, 3, 29
Let t be (-175)/28 - (-2)/8. Let q(u) = -u**2 - 11*u + 4. List the prime factors of q(t).
2, 17
Let h = 7046 - 3891. List the prime factors of h.
5, 631
Let g(c) = 2*c + 11. Let n be g(-9). Let h(i) = -i**3 - 5*i**2 + 3*i + 5. What are the prime factors of h(n)?
2, 41
Let i(r) = 4*r - 29*r + 16 + 2*r. What are the prime factors of i(-10)?
2, 3, 41
Let x = 69 - 65. List the prime factors of 261/(6/x - (3 + -3)).
2, 3, 29
Suppose -15*v = -11*v + 528. Let x = -28 - v. What are the prime factors of x?
2, 13
Suppose -16 = -z - 4*y, 0 = -y - 8 + 3. Let s = 90 - z. What are the prime factors of s?
2, 3
Let v = -520 + 1544. What are the prime factors of v?
2
Suppose -8*r + 31 + 57 = 0. Suppose -5*k - 3*t + 5*t + 146 = 0, 0 = k - 4*t - 22. Suppose 10*q + k = r*q. List the prime factors of q.
2, 3, 5
Let g(k) = k + 31. Let j(d) = -13*d**2 - 2*d + 2. Let s be j(1). Let n be g(s). Suppose -3*i + 4*i - n = 0. What are the prime factors of i?
2, 3
List the prime factors of ((-37)/8 - -5) + 5197/8.
2, 5, 13
Suppose 0*u + 5*u + a = 2945, 3*a = 0. List the prime factors of u.
19, 31
Let i = 3373 + 678. What are the prime factors of i?
4051
Let i(s) = 17*s + 49. List the prime factors of i(7).
2, 3, 7
List the prime factors of 385 + ((-2)/3)/(26/39).
2, 3
Suppose 2*p - 181 = 265. List the prime factors of p.
223
Suppose -4*b + 6 = -x - 8, 4*b = 16. List the prime factors of (x - (1 - -9))/((-16)/344).
2, 43
Suppose 3*p - 2*r + 440 = -4*r, 3*p + 442 = -4*r. Let v = p + 206. What are the prime factors of v?
2, 3, 5
Let p be (-6)/8*(6 + 2). Let d = 29 + p. Let c = 40 - d. List the prime factors of c.
17
Let y(i) = -i**2 + 25*i - 33. Let r be y(23). Suppose r*x + 88 = 15*x. List the prime factors of x.
2, 11
Let l(y) = y**3 - 15*y**2 + 7*y - 9. Let r be l(19). Suppose -4164 + r = -11*t. List the prime factors of t.
2, 59
Let j(u) = -u**3 + 13*u**2 - 11*u + 5. Let b be j(11). Suppose -3*r = -b - 417. What are the prime factors of r?
181
Suppose 0 = -w + 4*w - 57. Suppose -w = -3*f + 143. Suppose 2*g - 5*g = -f. What are the prime factors of g?
2, 3
Let x(s) = -2*s + 4*s - s - 2 + 0*s. Let t be x(8). Suppose -2*d = t, b + 0*d = -4*d + 10. List the prime factors of b.
2, 11
Let f = 467 + 1135. List the prime factors of f.
2, 3, 89
Let f(t) = 12*t - 15. Let r(m) = 37*m - 45. Let k(z) = -11*f(z) + 4*r(z). List the prime factors of k(9).
3, 43
Suppose 3*q + 0*q + 3*f = -6, 3 = 2*q - 5*f. Let o(s) = -s + 1. Let p be o(q). Suppose p*k - k - 16 = 0. What are the prime factors of k?
2
Let v(x) = -34*x**3 - 3*x**2 + 3*x + 5. Let h(y) = 35*y**3 + 4*y**2 - 4*y - 6. Let c(f) = -4*h(f) - 5*v(f). What are the prime factors of c(1)?
29
Let g(f) = f**2 + 6*f - 13. Let b be g(-10). Let k = b - 11. List the prime factors of -18*6*(-12)/k.
3
Suppose 3*h + 1 = 10. Let d be -1 - -148 - (-9)/h. Suppose 3*p = b - 40, b + d = 6*b - 5*p. List the prime factors of b.
5
Let b(w) = 10*w + 2. Let m be b(-1). Let t(f) = f**3 + 11*f**2 + 8*f - 19. What are the prime factors of t(m)?
109
Let p(q) = 71*q**2 + 3*q + 2. Let m be p(-3). Suppose -6*x = -m - 826. List the prime factors of x.
3
Let y(o) = o**3 + 6*o**2 + 5*o + 11. Let p be ((-3)/(-6))/(3/(-30)). Let q be y(p). Let g = q - -22. What are the prime factors of g?
3, 11
Let y = -1610 - -2714. List the prime factors of y.
2, 3, 23
Let z = 427 + -275. What are the prime factors of z?
2, 19
Let m(g) = -g**2 - 2*g + 12. Let h be m(0). Let t(y) = -4*y - 8*y**2 + 3*y + h + 9*y**2. What are the prime factors of t(0)?
2, 3
Let s = 10 + -8. Suppose 7*q - 2*q - 35 = 5*c, s*q + 4*c - 32 = 0. What are the prime factors of q?
2, 5
Suppose -6*j + 4767 = -1713. What are the prime factors of j?
2, 3, 5
List the prime factors of (-12)/8 + 67102/28.
5, 479
Suppose 0 = 1467*l - 1464*l - 3660. List the prime factors of l.
2, 5, 61
Let k = 60 - 60. List the prime factors of 74 + k*1/(-4).
2, 37
Let w = -43 + 240. List the prime factors of w.
197
Let g(k) = -2*k**3 + 43*k**2 - 26*k - 10. List the prime factors of g(20).
2, 5, 67
Suppose 5*t = -5*b - 230, -107 = 4*b + 2*t + 67. Let a = b - -83. What are the prime factors of a?
2, 3, 7
Let p(g) be the second derivative of g**3/6 + 13*g**2 - 10*g. List the prime factors of p(0).
2, 13
Let c = 40 - 64. Let x be (-3 + 3)/(-1*1). What are the prime factors of -1 - (-1 - x) - c?
2, 3
Let u = -1202 - -1211. What are the prime factors of u?
3
Suppose -8*y + 12989 = 2261. What are the prime factors of y?
3, 149
Let t(r) be the third derivative of -r**5/60 - 19*r**4/24 + 2*r**3/3 + 3*r**2. Let x be t(-10). Let q = -58 + x. List the prime factors of q.
2, 3
Let d(g) = g**3 - g + 1. Let o(q) = 5*q**3 - 12*q**2 + 1. Let v(l) = 4*d(l) - o(l). List the prime factors of v(11).
2, 5
Suppose 65*y - 70*y + 3*n = -9070, -n = 4*y - 7273. List the prime factors of y.
23, 79
Suppose 2*q = q - 93. Let i = -53 - q. What are the prime factors of i?
2, 5
Let q = -2 - -2. Let p be (q/3)/(1 - 3). Suppose -n - 4*n + 135 = p. List the prime factors of n.
3
Suppose 611 = 2*k - 949. Suppose -k = -0*r - 5*r. What are the prime factors of -2 - 0 - r/(-3)?
2, 5
Suppose 15*i = 19*i - 16. Suppose i*l = 5*h - 1, 2*l + l - 3*h = 3. Suppose -l = 4*s - 46. What are the prime factors of s?
2, 5
Let g(m) = -45*m - 1. Let c(p) = 4*p**3 - 2*p**2 + 4*p - 3. Let o be c(2). Let j = 28 - o. List the prime factors of g(j).
2, 11
Suppose -32086 = -10*r - 5806. List the prime factors of r.
2, 3, 73
Let h be (5 - 1)/((-48)/(-36)). List the prime factors of 3 - (-60 - (h - 4)).
2, 31
Suppose -6*n - 376 = 998. Let c = n - -430. What are the prime factors of c?
3, 67
Suppose 0 = c - d - 420, -174*c - 839 = -176*c + d. What are the prime factors of c?
419
Let x be 4/(-7) - (-11)/7. Suppose 3*p = 5 + x. Suppose -p*d + 54 = d. What are the prime factors of d?
2, 3
Let o be 1/(411/(-138) - -3). Suppose 0 = -4*m - o + 134. What are the prime factors of m?
2, 11
Let c(d) = 510*d + 26. What are the prime factors of c(7)?
2, 29, 31
Suppose 12*j = 3*j + 45. Suppose -r = -3*z - 217, -5*r + j*z - z = -1041. What are the prime factors of r?
5, 41
Suppose 2*z = 2*m + 74, -3*m + 2*m - 3*z - 17 = 0. Let v = m + 52. List the prime factors of v.
2, 5
Suppose 0*r + 8 = 2*r. Suppose -6*a + 8 = -r*a. Suppose 0 = t - a*t + 24. List the prime factors of t.
2
Let f(s) = 243*s**3 - 15*s**2 + 20*s - 4. List the prime factors of f(2).
2, 3, 5
Let a(r) = r**2 - 7*r + 9. Let n be a(6). Suppose u = 2*m - 7, 3*m - n*u = 2*m + 1. Suppose h + 4*y = 18 + 4, -h + m*y = -38. List the prime factors of h.
2, 3, 5
Suppose -5*p = -p - 80. Let f be (-8)/(-6) - p/15. Suppose -2*y + 42 = -f*y. List the prime factors of y.
3, 7
Suppose -100*g = -87*g - 23244. What are the prime factors of g?
2, 3, 149
Let s(q) = -q**3 - 12*q**2 + 12*q - 11. Suppose 32 = -f + 19. Let i be s(f). Suppose -d = -13 + i. What are the prime factors of d?
11
Suppose -2*p = 4*v - 18, v + 2*p = 2*v - 2. Suppose v*n + 5*n - 981 = 0. What are the prime factors of n?
109
Suppose -871*x = -865*x - 3318. List the prime factors of x.
7, 79
Let u = 6477 + -4409. What are the prime factors of u?
2, 11, 47
Let w(q) = 82*q + 1. Let x be w(-1). What are the prime factors of 4/16*0 - x?
3
Let o(j) = -16*j + 2. Let a(y) = -3*y + 6. Let m be a(-2). Suppose -2*s + 4 = m. List the prime factors of o(s).
2, 3, 11
Let y be (-6)/15 - 224/(-35). Suppose -y*s + 27 = -489. What are th